{"id":2596,"date":"2025-12-22T21:17:10","date_gmt":"2025-12-22T21:17:10","guid":{"rendered":"https:\/\/civilwordsaps.it\/?post_type=ajde_events&#038;p=2596"},"modified":"2026-02-10T17:13:46","modified_gmt":"2026-02-10T17:13:46","slug":"i-17-di-via-rasella-paullo","status":"publish","type":"ajde_events","link":"https:\/\/civilwordsaps.it\/en\/evento\/i-17-di-via-rasella-paullo\/","title":{"rendered":"I 17 di via Rasella &#8211; Paullo MI"},"content":{"rendered":"<p><span style=\"color: #000000;\">Civil Words begins with a presentation by historian Alessandro Barbero to reveal the established truth of the attack and to shed light on the lies that poison Italian memory, debunking them.<\/span><\/p>\n<p><span style=\"color: #000000;\">The plea is both a warning and an invitation: each of us is responsible for passing on the memory of the past to future generations, and this must be done with honesty, humility, and truth. If we allow lies to contaminate the facts that have brought us to where we are today, we will compromise our future and our national identity.<\/span><\/p>","protected":false},"author":2,"featured_media":4418,"menu_order":0,"template":"","meta":{"_exactmetrics_skip_tracking":false,"_exactmetrics_sitenote_active":false,"_exactmetrics_sitenote_note":"","_exactmetrics_sitenote_category":0,"neve_meta_sidebar":"","neve_meta_container":"","neve_meta_enable_content_width":"","neve_meta_content_width":0,"neve_meta_title_alignment":"","neve_meta_author_avatar":"","neve_post_elements_order":"","neve_meta_disable_header":"","neve_meta_disable_footer":"","neve_meta_disable_title":""},"tags":[],"event_type":[51],"event_type_2":[],"class_list":["post-2596","ajde_events","type-ajde_events","status-publish","has-post-thumbnail","hentry","event_location-paullo-auditorium-p-g-frassati","event_type-produzioni-teatrali"],"yoast_head":"<!-- This site is optimized with the Yoast SEO plugin v25.7 - https:\/\/yoast.com\/wordpress\/plugins\/seo\/ -->\n<title>I 17 di via Rasella - Paullo MI - CIVIL WORDS<\/title>\n<meta name=\"robots\" content=\"index, follow, max-snippet:-1, max-image-preview:large, max-video-preview:-1\" \/>\n<link rel=\"canonical\" href=\"https:\/\/civilwordsaps.it\/en\/evento\/i-17-di-via-rasella-paullo\/\" \/>\n<meta property=\"og:locale\" content=\"en_GB\" \/>\n<meta property=\"og:type\" content=\"article\" \/>\n<meta property=\"og:title\" content=\"I 17 di via Rasella - Paullo MI - CIVIL WORDS\" \/>\n<meta property=\"og:description\" content=\"Civil Words parte dall&#8217;intervento dello storico Alessandro Barbero per raccontare la verit\u00e0 accertata dell&#8217;attacco e per fare luce sulle menzogne che avvelenano la memoria italiana, smentendole. La pl\u00e8ce \u00e8 tanto un monito quanto un invito: ognuno di noi \u00e8 responsabile della trasmissione della memoria passata alle future generazioni e questo dev&#8217;essere fatto in un&#8217;ottica di&hellip;&nbsp;I 17 di via Rasella &#8211; Paullo MI\" \/>\n<meta property=\"og:url\" content=\"https:\/\/civilwordsaps.it\/en\/evento\/i-17-di-via-rasella-paullo\/\" \/>\n<meta property=\"og:site_name\" content=\"CIVIL WORDS\" \/>\n<meta property=\"article:publisher\" content=\"https:\/\/www.facebook.com\/CivWords\" \/>\n<meta property=\"article:modified_time\" content=\"2026-02-10T17:13:46+00:00\" \/>\n<meta property=\"og:image\" content=\"https:\/\/civilwordsaps.it\/wp-content\/uploads\/2025\/12\/banner-calendario-i-17-di-via-rasella.png\" \/>\n\t<meta property=\"og:image:width\" content=\"2500\" \/>\n\t<meta property=\"og:image:height\" content=\"1227\" \/>\n\t<meta property=\"og:image:type\" content=\"image\/png\" \/>\n<meta name=\"twitter:card\" content=\"summary_large_image\" \/>\n<meta name=\"twitter:label1\" content=\"Estimated reading time\" \/>\n\t<meta name=\"twitter:data1\" content=\"1 minute\" \/>\n<script type=\"application\/ld+json\" class=\"yoast-schema-graph\">{\"@context\":\"https:\/\/schema.org\",\"@graph\":[{\"@type\":\"WebPage\",\"@id\":\"https:\/\/civilwordsaps.it\/evento\/i-17-di-via-rasella-paullo\/\",\"url\":\"https:\/\/civilwordsaps.it\/evento\/i-17-di-via-rasella-paullo\/\",\"name\":\"I 17 di via Rasella - Paullo MI - CIVIL WORDS\",\"isPartOf\":{\"@id\":\"https:\/\/civilwordsaps.it\/#website\"},\"primaryImageOfPage\":{\"@id\":\"https:\/\/civilwordsaps.it\/evento\/i-17-di-via-rasella-paullo\/#primaryimage\"},\"image\":{\"@id\":\"https:\/\/civilwordsaps.it\/evento\/i-17-di-via-rasella-paullo\/#primaryimage\"},\"thumbnailUrl\":\"https:\/\/civilwordsaps.it\/wp-content\/uploads\/2025\/12\/banner-calendario-i-17-di-via-rasella.png\",\"datePublished\":\"2025-12-22T21:17:10+00:00\",\"dateModified\":\"2026-02-10T17:13:46+00:00\",\"breadcrumb\":{\"@id\":\"https:\/\/civilwordsaps.it\/evento\/i-17-di-via-rasella-paullo\/#breadcrumb\"},\"inLanguage\":\"en-GB\",\"potentialAction\":[{\"@type\":\"ReadAction\",\"target\":[\"https:\/\/civilwordsaps.it\/evento\/i-17-di-via-rasella-paullo\/\"]}]},{\"@type\":\"ImageObject\",\"inLanguage\":\"en-GB\",\"@id\":\"https:\/\/civilwordsaps.it\/evento\/i-17-di-via-rasella-paullo\/#primaryimage\",\"url\":\"https:\/\/civilwordsaps.it\/wp-content\/uploads\/2025\/12\/banner-calendario-i-17-di-via-rasella.png\",\"contentUrl\":\"https:\/\/civilwordsaps.it\/wp-content\/uploads\/2025\/12\/banner-calendario-i-17-di-via-rasella.png\",\"width\":2500,\"height\":1227},{\"@type\":\"BreadcrumbList\",\"@id\":\"https:\/\/civilwordsaps.it\/evento\/i-17-di-via-rasella-paullo\/#breadcrumb\",\"itemListElement\":[{\"@type\":\"ListItem\",\"position\":1,\"name\":\"Home\",\"item\":\"https:\/\/civilwordsaps.it\/\"},{\"@type\":\"ListItem\",\"position\":2,\"name\":\"Events\",\"item\":\"https:\/\/civilwordsaps.it\/events\/\"},{\"@type\":\"ListItem\",\"position\":3,\"name\":\"I 17 di via Rasella &#8211; Paullo MI\"}]},{\"@type\":\"WebSite\",\"@id\":\"https:\/\/civilwordsaps.it\/#website\",\"url\":\"https:\/\/civilwordsaps.it\/\",\"name\":\"Civil Words\",\"description\":\"STAY HUMAN\",\"publisher\":{\"@id\":\"https:\/\/civilwordsaps.it\/#organization\"},\"potentialAction\":[{\"@type\":\"SearchAction\",\"target\":{\"@type\":\"EntryPoint\",\"urlTemplate\":\"https:\/\/civilwordsaps.it\/?s={search_term_string}\"},\"query-input\":{\"@type\":\"PropertyValueSpecification\",\"valueRequired\":true,\"valueName\":\"search_term_string\"}}],\"inLanguage\":\"en-GB\"},{\"@type\":\"Organization\",\"@id\":\"https:\/\/civilwordsaps.it\/#organization\",\"name\":\"Civil Words\",\"url\":\"https:\/\/civilwordsaps.it\/\",\"logo\":{\"@type\":\"ImageObject\",\"inLanguage\":\"en-GB\",\"@id\":\"https:\/\/civilwordsaps.it\/#\/schema\/logo\/image\/\",\"url\":\"https:\/\/civilwordsaps.it\/wp-content\/uploads\/2025\/08\/logo-civil-words.png\",\"contentUrl\":\"https:\/\/civilwordsaps.it\/wp-content\/uploads\/2025\/08\/logo-civil-words.png\",\"width\":279,\"height\":105,\"caption\":\"Civil Words\"},\"image\":{\"@id\":\"https:\/\/civilwordsaps.it\/#\/schema\/logo\/image\/\"},\"sameAs\":[\"https:\/\/www.facebook.com\/CivWords\",\"https:\/\/www.instagram.com\/civilwords\/\",\"https:\/\/www.youtube.com\/@civilwords\/\"]}]}<\/script>\n<!-- \/ Yoast SEO plugin. -->","yoast_head_json":{"title":"I 17 di via Rasella - Paullo MI - CIVIL WORDS","robots":{"index":"index","follow":"follow","max-snippet":"max-snippet:-1","max-image-preview":"max-image-preview:large","max-video-preview":"max-video-preview:-1"},"canonical":"https:\/\/civilwordsaps.it\/en\/evento\/i-17-di-via-rasella-paullo\/","og_locale":"en_GB","og_type":"article","og_title":"I 17 di via Rasella - Paullo MI - CIVIL WORDS","og_description":"Civil Words parte dall&#8217;intervento dello storico Alessandro Barbero per raccontare la verit\u00e0 accertata dell&#8217;attacco e per fare luce sulle menzogne che avvelenano la memoria italiana, smentendole. La pl\u00e8ce \u00e8 tanto un monito quanto un invito: ognuno di noi \u00e8 responsabile della trasmissione della memoria passata alle future generazioni e questo dev&#8217;essere fatto in un&#8217;ottica di&hellip;&nbsp;I 17 di via Rasella &#8211; Paullo MI","og_url":"https:\/\/civilwordsaps.it\/en\/evento\/i-17-di-via-rasella-paullo\/","og_site_name":"CIVIL WORDS","article_publisher":"https:\/\/www.facebook.com\/CivWords","article_modified_time":"2026-02-10T17:13:46+00:00","og_image":[{"width":2500,"height":1227,"url":"https:\/\/civilwordsaps.it\/wp-content\/uploads\/2025\/12\/banner-calendario-i-17-di-via-rasella.png","type":"image\/png"}],"twitter_card":"summary_large_image","twitter_misc":{"Estimated reading time":"1 minute"},"schema":{"@context":"https:\/\/schema.org","@graph":[{"@type":"WebPage","@id":"https:\/\/civilwordsaps.it\/evento\/i-17-di-via-rasella-paullo\/","url":"https:\/\/civilwordsaps.it\/evento\/i-17-di-via-rasella-paullo\/","name":"I 17 di via Rasella - Paullo MI - CIVIL WORDS","isPartOf":{"@id":"https:\/\/civilwordsaps.it\/#website"},"primaryImageOfPage":{"@id":"https:\/\/civilwordsaps.it\/evento\/i-17-di-via-rasella-paullo\/#primaryimage"},"image":{"@id":"https:\/\/civilwordsaps.it\/evento\/i-17-di-via-rasella-paullo\/#primaryimage"},"thumbnailUrl":"https:\/\/civilwordsaps.it\/wp-content\/uploads\/2025\/12\/banner-calendario-i-17-di-via-rasella.png","datePublished":"2025-12-22T21:17:10+00:00","dateModified":"2026-02-10T17:13:46+00:00","breadcrumb":{"@id":"https:\/\/civilwordsaps.it\/evento\/i-17-di-via-rasella-paullo\/#breadcrumb"},"inLanguage":"en-GB","potentialAction":[{"@type":"ReadAction","target":["https:\/\/civilwordsaps.it\/evento\/i-17-di-via-rasella-paullo\/"]}]},{"@type":"ImageObject","inLanguage":"en-GB","@id":"https:\/\/civilwordsaps.it\/evento\/i-17-di-via-rasella-paullo\/#primaryimage","url":"https:\/\/civilwordsaps.it\/wp-content\/uploads\/2025\/12\/banner-calendario-i-17-di-via-rasella.png","contentUrl":"https:\/\/civilwordsaps.it\/wp-content\/uploads\/2025\/12\/banner-calendario-i-17-di-via-rasella.png","width":2500,"height":1227},{"@type":"BreadcrumbList","@id":"https:\/\/civilwordsaps.it\/evento\/i-17-di-via-rasella-paullo\/#breadcrumb","itemListElement":[{"@type":"ListItem","position":1,"name":"Home","item":"https:\/\/civilwordsaps.it\/"},{"@type":"ListItem","position":2,"name":"Events","item":"https:\/\/civilwordsaps.it\/events\/"},{"@type":"ListItem","position":3,"name":"I 17 di via Rasella &#8211; Paullo MI"}]},{"@type":"WebSite","@id":"https:\/\/civilwordsaps.it\/#website","url":"https:\/\/civilwordsaps.it\/","name":"Civil Words","description":"STAY HUMAN","publisher":{"@id":"https:\/\/civilwordsaps.it\/#organization"},"potentialAction":[{"@type":"SearchAction","target":{"@type":"EntryPoint","urlTemplate":"https:\/\/civilwordsaps.it\/?s={search_term_string}"},"query-input":{"@type":"PropertyValueSpecification","valueRequired":true,"valueName":"search_term_string"}}],"inLanguage":"en-GB"},{"@type":"Organization","@id":"https:\/\/civilwordsaps.it\/#organization","name":"Civil Words","url":"https:\/\/civilwordsaps.it\/","logo":{"@type":"ImageObject","inLanguage":"en-GB","@id":"https:\/\/civilwordsaps.it\/#\/schema\/logo\/image\/","url":"https:\/\/civilwordsaps.it\/wp-content\/uploads\/2025\/08\/logo-civil-words.png","contentUrl":"https:\/\/civilwordsaps.it\/wp-content\/uploads\/2025\/08\/logo-civil-words.png","width":279,"height":105,"caption":"Civil Words"},"image":{"@id":"https:\/\/civilwordsaps.it\/#\/schema\/logo\/image\/"},"sameAs":["https:\/\/www.facebook.com\/CivWords","https:\/\/www.instagram.com\/civilwords\/","https:\/\/www.youtube.com\/@civilwords\/"]}]}},"_links":{"self":[{"href":"https:\/\/civilwordsaps.it\/en\/wp-json\/wp\/v2\/ajde_events\/2596","targetHints":{"allow":["GET"]}}],"collection":[{"href":"https:\/\/civilwordsaps.it\/en\/wp-json\/wp\/v2\/ajde_events"}],"about":[{"href":"https:\/\/civilwordsaps.it\/en\/wp-json\/wp\/v2\/types\/ajde_events"}],"author":[{"embeddable":true,"href":"https:\/\/civilwordsaps.it\/en\/wp-json\/wp\/v2\/users\/2"}],"wp:featuredmedia":[{"embeddable":true,"href":"https:\/\/civilwordsaps.it\/en\/wp-json\/wp\/v2\/media\/4418"}],"wp:attachment":[{"href":"https:\/\/civilwordsaps.it\/en\/wp-json\/wp\/v2\/media?parent=2596"}],"wp:term":[{"taxonomy":"post_tag","embeddable":true,"href":"https:\/\/civilwordsaps.it\/en\/wp-json\/wp\/v2\/tags?post=2596"},{"taxonomy":"event_type","embeddable":true,"href":"https:\/\/civilwordsaps.it\/en\/wp-json\/wp\/v2\/event_type?post=2596"},{"taxonomy":"event_type_2","embeddable":true,"href":"https:\/\/civilwordsaps.it\/en\/wp-json\/wp\/v2\/event_type_2?post=2596"}],"curies":[{"name":"wp","href":"https:\/\/api.w.org\/{rel}","templated":true}]}}

<!-- This site is optimized with the Yoast SEO plugin v25.7 - https://yoast.com/wordpress/plugins/seo/ -->
<title>I 17 di via Rasella - Paullo MI - CIVIL WORDS</title>
<meta name="robots" content="index, follow, max-snippet:-1, max-image-preview:large, max-video-preview:-1" />
<link rel="canonical" href="https://civilwordsaps.it/en/evento/i-17-di-via-rasella-paullo/" />
<meta property="og:locale" content="en_GB" />
<meta property="og:type" content="article" />
<meta property="og:title" content="I 17 di via Rasella - Paullo MI - CIVIL WORDS" />
<meta property="og:description" content="Civil Words parte dall&#8217;intervento dello storico Alessandro Barbero per raccontare la verità accertata dell&#8217;attacco e per fare luce sulle menzogne che avvelenano la memoria italiana, smentendole. La plèce è tanto un monito quanto un invito: ognuno di noi è responsabile della trasmissione della memoria passata alle future generazioni e questo dev&#8217;essere fatto in un&#8217;ottica di&hellip;&nbsp;I 17 di via Rasella &#8211; Paullo MI" />
<meta property="og:url" content="https://civilwordsaps.it/en/evento/i-17-di-via-rasella-paullo/" />
<meta property="og:site_name" content="CIVIL WORDS" />
<meta property="article:publisher" content="https://www.facebook.com/CivWords" />
<meta property="article:modified_time" content="2026-02-10T17:13:46+00:00" />
<meta property="og:image" content="https://civilwordsaps.it/wp-content/uploads/2025/12/banner-calendario-i-17-di-via-rasella.png" />
	<meta property="og:image:width" content="2500" />
	<meta property="og:image:height" content="1227" />
	<meta property="og:image:type" content="image/png" />
<meta name="twitter:card" content="summary_large_image" />
<meta name="twitter:label1" content="Estimated reading time" />
	<meta name="twitter:data1" content="1 minute" />
<script type="application/ld+json" class="yoast-schema-graph">{"@context":"https://schema.org","@graph":[{"@type":"WebPage","@id":"https://civilwordsaps.it/evento/i-17-di-via-rasella-paullo/","url":"https://civilwordsaps.it/evento/i-17-di-via-rasella-paullo/","name":"I 17 di via Rasella - Paullo MI - CIVIL WORDS","isPartOf":{"@id":"https://civilwordsaps.it/#website"},"primaryImageOfPage":{"@id":"https://civilwordsaps.it/evento/i-17-di-via-rasella-paullo/#primaryimage"},"image":{"@id":"https://civilwordsaps.it/evento/i-17-di-via-rasella-paullo/#primaryimage"},"thumbnailUrl":"https://civilwordsaps.it/wp-content/uploads/2025/12/banner-calendario-i-17-di-via-rasella.png","datePublished":"2025-12-22T21:17:10+00:00","dateModified":"2026-02-10T17:13:46+00:00","breadcrumb":{"@id":"https://civilwordsaps.it/evento/i-17-di-via-rasella-paullo/#breadcrumb"},"inLanguage":"en-GB","potentialAction":[{"@type":"ReadAction","target":["https://civilwordsaps.it/evento/i-17-di-via-rasella-paullo/"]}]},{"@type":"ImageObject","inLanguage":"en-GB","@id":"https://civilwordsaps.it/evento/i-17-di-via-rasella-paullo/#primaryimage","url":"https://civilwordsaps.it/wp-content/uploads/2025/12/banner-calendario-i-17-di-via-rasella.png","contentUrl":"https://civilwordsaps.it/wp-content/uploads/2025/12/banner-calendario-i-17-di-via-rasella.png","width":2500,"height":1227},{"@type":"BreadcrumbList","@id":"https://civilwordsaps.it/evento/i-17-di-via-rasella-paullo/#breadcrumb","itemListElement":[{"@type":"ListItem","position":1,"name":"Home","item":"https://civilwordsaps.it/"},{"@type":"ListItem","position":2,"name":"Events","item":"https://civilwordsaps.it/events/"},{"@type":"ListItem","position":3,"name":"I 17 di via Rasella &#8211; Paullo MI"}]},{"@type":"WebSite","@id":"https://civilwordsaps.it/#website","url":"https://civilwordsaps.it/","name":"Civil Words","description":"STAY HUMAN","publisher":{"@id":"https://civilwordsaps.it/#organization"},"potentialAction":[{"@type":"SearchAction","target":{"@type":"EntryPoint","urlTemplate":"https://civilwordsaps.it/?s={search_term_string}"},"query-input":{"@type":"PropertyValueSpecification","valueRequired":true,"valueName":"search_term_string"}}],"inLanguage":"en-GB"},{"@type":"Organization","@id":"https://civilwordsaps.it/#organization","name":"Civil Words","url":"https://civilwordsaps.it/","logo":{"@type":"ImageObject","inLanguage":"en-GB","@id":"https://civilwordsaps.it/#/schema/logo/image/","url":"https://civilwordsaps.it/wp-content/uploads/2025/08/logo-civil-words.png","contentUrl":"https://civilwordsaps.it/wp-content/uploads/2025/08/logo-civil-words.png","width":279,"height":105,"caption":"Civil Words"},"image":{"@id":"https://civilwordsaps.it/#/schema/logo/image/"},"sameAs":["https://www.facebook.com/CivWords","https://www.instagram.com/civilwords/","https://www.youtube.com/@civilwords/"]}]}</script>
<!-- / Yoast SEO plugin. -->

Civil Words parte dall&#8217;intervento dello storico Alessandro Barbero per raccontare la verità accertata dell&#8217;attacco e per fare luce sulle menzogne che avvelenano la memoria italiana, smentendole. La plèce è tanto un monito quanto un invito: ognuno di noi è responsabile della trasmissione della memoria passata alle future generazioni e questo dev&#8217;essere fatto in un&#8217;ottica di&hellip;&nbsp;I 17 di via Rasella &#8211; Paullo MI
